q(6).
-5
Let t(m) be the third derivative of -m**4/8 + 4*m**3/3 + 2*m**2. Let n(k) = -11*k - 7 - 17*k + 30*k. Let l(c) = -7*n(c) - 6*t(c). Determine l(-1).
-3
Let t(q) = -6*q - q**3 + 345*q**2 + 347*q**2 - 697*q**2 + 2*q**3 + 6. Let c be (-33)/(-6) + (-1)/(-2). Determine t(c).
6
Let d be -6 + (-136)/(-24) - (-33)/(-9). Let k(m) = -m**2 - m - 1. Determine k(d).
-13
Let r(c) be the first derivative of c**4/4 - 4*c**3/3 + c**2/2 - 4*c + 8. Give r(4).
0
Let d(a) = -3*a**2 - 2*a + 1. Suppose 2*i - 8 = 0, 6*o = 2*o + 4*i - 8. What is d(o)?
-15
Let y(a) = -a**3 - 5*a**2 + 3*a + 8. Let b(f) = -16*f + 42. Let z be b(3). Give y(z).
26
Let l(q) = -q - 916 + 0*q + 912. Give l(11).
-15
Let y(m) = 2*m - 6. Let c(p) be the second derivative of p**3/3 - 7*p**2/2 + 27*p. Let v(a) = -5*c(a) + 6*y(a). Calculate v(5).
9
Let h be (-16)/(-20) + (-54)/5. Let j(g) = g**3 + 10*g**2 + 7. What is j(h)?
7
Suppose -28*t = -35*t + 14. Let m(x) = -3*x**3 + 5*x**2 - 6*x + 2. Give m(t).
-14
Let a = -2 + -4. Let p(b) = b**3 - 8*b**2 + 2. Let x be p(8). Let j(m) = -6 + x*m - 2*m - m. Calculate j(a).
0
Suppose 0 = s + 1 - 3. Let b be (3 + -4)*-2*s. Let j(c) = -17 + b*c + 12 + 10. Give j(-5).
-15
Let n(i) = i + 2. Let c be n(-6). Let g(r) be the second derivative of r**4/6 + r**3 + 5*r**2/2 - 16*r - 5. Determine g(c).
13
Let g = -26 + 13. Let w = g - -13. Let n(f) = -f**3 - f**2 + 22. What is n(w)?
22
Suppose 0 = 3*z - 3*q + 12, -2*z - z - q = 32. Let x be (-30)/z*24/20. Let o(h) = 2*h - 6 + x - 5*h. What is o(-2)?
4
Let s(a) = -2*a - 3. Suppose 59*w - 47 = 60*w. Let f = w + 44. What is s(f)?
3
Let l(n) = 3*n**2 + 7*n + 3. Let u(b) = -10*b**2 - 20*b - 11. Let r(c) = 7*l(c) + 2*u(c). Determine r(-8).
-9
Let d be 8*(-1)/(-2) - -2. Let y = 2 - d. Let a(r) = 2*r - 4*r**3 + 5*r**2 + 4*r**3 + r**3 - 4. Determine a(y).
4
Let i = -110 + 106. Let f(g) = -2 - 3*g - 10 + 3. Let h(a) = a + 3. Let x(o) = -6*f(o) - 17*h(o). Give x(i).
-1
Suppose -3*s - 5*o = -31, 2*o - 19 = -2*s - o. Suppose -3*a = -s + 11. Let w(u) = 52*u - u**2 + 0 - 4 - 54*u. What is w(a)?
-7
Let w be 0 + ((-36)/6 - -3). Let s(p) = -3*p**2 - 3*p + 3. Calculate s(w).
-15
Suppose 32 - 40 = -4*n - 4*o, 4*n - o - 3 = 0. Let k(m) = 37*m**3 + m - 1. Calculate k(n).
37
Suppose -3*m = 3 + 24. Let l = m + 3. Let h(s) = -1. Let d(v) = -v + 8. Let t(w) = d(w) + 3*h(w). Calculate t(l).
11
Suppose -8*z + 10*z - 14 = 0. Let n(d) = -d**3 + 6*d**2 + 3*d + 30. Give n(z).
2
Suppose 9*v - 4*v = 50. Let u be 12/v*15/6. Let n(i) = -5*i**3 + 5*i**2 + i - 6. Let b(w) = -6*w**3 + 6*w**2 - 7. Let h(x) = 4*b(x) - 5*n(x). Determine h(u).
5
Suppose -5*i + 25 = -0*i. Suppose q + 5*d = 5, -4*d = 3*q + d - i. Let y(t) = -t**2 - t + 24. Calculate y(q).
24
Let b(i) = i**2 - 4*i + 4. Let r be b(3). Let u(o) be the third derivative of 11*o**4/24 + o**3/6 - 130*o**2. Give u(r).
12
Let y(x) = 2*x + 9 + 22 + 0*x - 4*x - 2. Calculate y(14).
1
Suppose 8 + 2 = 5*p. Let n = p + 0. Let i(z) = -z + z + 5 + n*z. Determine i(-5).
-5
Let n be (3 - 0)/((-30)/(-40)). Let b(m) = -8*m**3 - 4*m**2 - 11*m + 9. Let o(s) = 3*s**3 + s**2 + 4*s - 3. Let d(v) = 4*b(v) + 11*o(v). Determine d(n).
-13
Suppose 4*h + 6 + 8 = 5*n, 9 = -h + 4*n. Let i(g) = 2*g + 2. Let r(j) = -j - 1. Let m(f) = -i(f) - r(f). Determine m(h).
0
Suppose -3*p = -6*p + 5*s, 0 = -3*s. Let f(x) = 3*x - 4*x + x + x. What is f(p)?
0
Let p(y) = y**3 - 7*y**2 + 6*y + 5. Let o = 93 + -92. Let d = 5 + o. Give p(d).
5
Let c(z) = 37*z**2 + 7*z + 56. Let o(k) = -17*k**2 - 3*k - 26. Let w(a) = -6*c(a) - 13*o(a). Determine w(-3).
2
Let z(f) = -11*f**2 - 1. Let u = -20 - -23. Suppose -2*i - 4*g = -2, -i + u*g = 2 + 2. Give z(i).
-12
Suppose -6*o = -5*o + 4. Let v = 8 + o. Let d(k) = -k**2 + 4*k - 3. Let q be d(v). Let f(m) = -m**3 - 4*m**2 - 4*m + 1. What is f(q)?
4
Suppose -4*w + 4 + 76 = 0. Suppose 3*x + 11*s = 9*s + 53, 0 = -x + 3*s + 36. Let t = x - w. Let d(l) = -8*l**2 + l. Determine d(t).
-7
Let t be 5/2*16/20. Let p be 3 + t + -4 + -4. Let k(l) = l**3 + l**2 - 5*l - 2. Determine k(p).
-5
Let r(h) = -h. Let i(s) = -6*s - 7. Let k(a) = -i(a) + 3*r(a). Let l be k(-2). Let j(o) = 12*o**2 + 2*o - 1. Calculate j(l).
13
Let f(l) = l**3 + 13*l**2 + 11*l - 13. Let c(a) = a**2 - 24*a + 83. Let m be c(19). Determine f(m).
-1
Let r(h) be the first derivative of -4*h**2 + h - 15. Suppose 2*p = 2 - 14. Let b(i) = -i - 1. Let g(y) = p*b(y) + r(y). Calculate g(5).
-3
Let a(c) = -c**3 - c**2 - 1. Let l be a(-2). Suppose -1 + 3 = 2*h. Let r(w) = 2*w**2 - 4*w**3 + w**l + 6*w**3 - 2*w**3 + w - h. Determine r(-2).
-3
Let u(o) = 3*o - 27. Let y be 1/(-2)*4/2*-8. Let b be u(y). Let v(p) = p**3 + 3*p**2 - 3*p - 4. Give v(b).
5
Suppose 2*a - 1 = -y, 0*a + 3*a = -3*y. Let v(w) = 11*w**3 + w**2. What is v(y)?
-10
Suppose -l + 2*s + 8 = 0, 2*s + 0*s - 46 = -2*l. Suppose b - n = 20, -5*b + 2*b - 4*n + 39 = 0. Let i = l - b. Let v(y) = 13*y**2 + y. Determine v(i).
14
Let o = 1 - -1. Let b = 1 - o. Let h = b + 7. Let y(i) = i**2 - 5*i - 3. What is y(h)?
3
Suppose -l = -6*l + 15. Suppose 3*n - 3*q - 48 = 0, l*n - 20 = q + 18. Let s(o) = 4*o - n*o + 10*o. Give s(2).
6
Let s(r) = 11*r - 9. Let g(j) = 20*j - 18. Let v(f) = -6*g(f) + 11*s(f). Give v(-7).
2
Suppose 3*n = n + 2. Let m(z) = 5*z + 63 - 2*z - z - 64 + 12*z**3 - z**2. Calculate m(n).
12
Suppose 2*j - 6 = r - 3*j, 3*r + 4*j = 1. Let i(g) be the third derivative of g**5/30 - g**3/6 - 26*g**2. Calculate i(r).
1
Let g be 2 + (-39)/(-12) - (-1)/(-4). Let z = -9 - -11. Let w(l) = 3*l**2 - 6*l + l**z - 3*l**2. Determine w(g).
-5
Let x(s) = s - 23. Let z be x(6). Let w = z + 17. Let n(t) be the second derivative of -t**4/12 + t**3/6 - 5*t**2/2 - t. Determine n(w).
-5
Let z be 10 + (-3)/(0 - -3). Let f(b) = -b + 6. Let c be f(z). Let v(l) = -4 + 2 + 1 - 5*l + 6*l. What is v(c)?
-4
Suppose -22 = 2*c - c + 4*o, -3*c = 4*o + 34. Let g(j) = j - 8. Let n(h) = 2*h - 10. Let x(w) = c*g(w) + 5*n(w). Calculate x(2).
6
Let g = 56 - 56. Suppose 0 = f + 5*q - 9, 4*f - 5*q + 8 + 31 = g. Let b(s) = -s**3 - 7*s**2 - 6*s + 6. Determine b(f).
6
Let u(n) be the second derivative of 2*n**3/3 - 47*n**2/2 + 219*n. Calculate u(14).
9
Let h(c) be the third derivative of 1/24*c**4 + 0 + 1/3*c**3 + 7*c**2 + 0*c. Suppose -2*v - 3*s - 2*s = -5, 5*v + 40 = 5*s. Determine h(v).
-3
Let w = 1728 - 1720. Let l(k) be the second derivative of 0 + 5/6*k**3 - 2*k**2 + 1/12*k**4 - w*k. Calculate l(-6).
2
Suppose -4*l + 18 = 2*h - 0*h, -h - 9 = -4*l. Let d(j) = j**2 + 17495 - 17498 + j**3 - 2*j - 4*j**2. Determine d(h).
-9
Let n(w) = -3*w - 1. Let d(v) = 14*v. Let x(a) = -d(a) - 5*n(a). Determine x(-4).
1
Let c(y) = y - 22. Suppose 5*h + 19*l = 20*l + 131, 5*h - 139 = -l. Calculate c(h).
5
Let b(u) be the third derivative of 11*u**2 + 1/60*u**5 - 1/6*u**3 + 0*u + 0 + 0*u**4. Let r be 2 - 0 - 2*2. Determine b(r).
3
Let l(k) = -k**3 + 6*k**2 - k + 10. Let x be l(6). Let s(u) = 6*u**2 - 7*u - 2. Let v(t) = -5*t**2 + 7*t + 2. Let r(c) = x*s(c) + 5*v(c). Calculate r(6).
8
Suppose 0 = 5*o + 2*u - u - 14, -4*u = 5*o - 11. Suppose -o*t + 12 = -r - 2*r, t - 4*r - 19 = 0. Let l(d) = -4*d**2 + 1. What is l(t)?
-3
Let n(c) = c**2 - 5*c + 3. Let x(v) = v - 1. Let r be x(-3). Let d(m) = m**2 + 6*m + 10. Let l be d(r). What is n(l)?
-3
Let x = 5 + -3. Let l(c) = -4*c**x + 0*c**2 + 5*c**2 + 1 + 7*c. Let p(r) = r**2 + 41*r - 137. Let y be p(3). Give l(y).
-9
Let o = 211 - 216. Let p(j) = j**3 + 4*j**2 - 2*j + 3. Calculate p(o).
-12
Let p(j) = -2*j + 10. Suppose -5*n = 2*w - 26, -3*n + 25 - 3 = -2*w. What is p(n)?
-2
Let p(r) = -r**2 + 6*r + 2. Let u(d) = d**2 - 7*d - 2. Let n(l) = 3*p(l) + 2*u(l). Let y = 18 - 14. Suppose -4 - y = -4*f, 5*t = -2*f + 24. Determine n(t).
2
Let s(a) = 4*a - 40 + 48 - 5*a. Determine s(5).
3
Suppose -i = 3*l - 1, -4*l + 26 = -3*i + 3. Let z(x) = -3*x**2 - 4 + 2*x**2 + 3*x + l*x. Let v = -2251 - -2255. What is z(v)?
0
Let f(y) = 2*y**2 + 19*y + 22. Let h = 24 - 32. Let w be f(h). Let x(j) = -3*j - 4. Determine x(w).
2
Suppose -2*k - 4*j - 4 = 0, 0*k = 5*k - 4*j - 4. Let a(o) be the second derivative of o**5/20 + o**4/12 - 9*o**2/2 + 60*o + 2. Determine a(k).
-9
Let u(f) = 568*f**2 + 573*f**2 - 11 - 1142*f**2 - 3*f. Give u(-8).
-51
Let r(w) = -w**3 - 7*w**2 - 7*w - 9. Let d be 2/(-4)*0/(-21). Suppose 2*x - 6 - 14 = d. Su